 composite number?
True
Is 17247146321 a prime number?
False
Is 114443863211 composite?
True
Is 5077532639 a prime number?
True
Is 513707339 prime?
True
Is 20784493 a composite number?
False
Is 3220460597 a prime number?
True
Is 17573603693 a composite number?
False
Is 39781011617 a composite number?
False
Is 2626509229 composite?
False
Is 3260164379 a prime number?
True
Is 168130009217 a prime number?
True
Is 1981021849 a prime number?
False
Is 21225019121 composite?
False
Is 145754783 composite?
True
Is 6289996301 a prime number?
False
Is 5848435057 composite?
True
Is 8511777383 composite?
False
Is 2196100759 composite?
True
Is 625050541 composite?
True
Is 83920744717 prime?
True
Is 37412867003 prime?
False
Is 969589 prime?
False
Is 1285781879 prime?
True
Is 2320387073 a composite number?
False
Is 8128496559 prime?
False
Is 2422228173 prime?
False
Is 31088604553 a prime number?
True
Is 712072847 composite?
True
Is 31731382321 a prime number?
False
Is 2338438017 a composite number?
True
Is 1815931933 a prime number?
True
Is 83008695821 a prime number?
True
Is 4652913677 composite?
False
Is 208271083 composite?
False
Is 37773722617 a prime number?
True
Is 323849431 composite?
False
Is 3055783333 prime?
True
Is 104928891 a prime number?
False
Is 113879075411 a composite number?
False
Is 24960182161 a composite number?
True
Is 47809503509 a composite number?
True
Is 168792873959 a composite number?
False
Is 8853145531 a prime number?
True
Is 33754071154 composite?
True
Is 29409135869 composite?
False
Is 26578615001 a composite number?
False
Is 2358956093 a composite number?
True
Is 6603148977 composite?
True
Is 863208713 a composite number?
True
Is 6868246829 prime?
False
Is 6878393063 composite?
False
Is 859217813 a prime number?
True
Is 7081873739 a composite number?
False
Is 3382542073 a prime number?
True
Is 6808236361 prime?
False
Is 76780643 a prime number?
True
Is 1742542411 a composite number?
False
Is 919103879 a composite number?
False
Is 1030651889 composite?
True
Is 1784272367 composite?
False
Is 10140246427 prime?
True
Is 329983559 a composite number?
False
Is 5329070078 prime?
False
Is 110468617969 a prime number?
False
Is 14005883257 composite?
False
Is 947635613 composite?
True
Is 2590398563 a composite number?
True
Is 9749821 a prime number?
False
Is 4394153293 a composite number?
True
Is 11254103101 composite?
False
Is 498229973701 a prime number?
True
Is 2305895353 prime?
True
Is 2956874163 a composite number?
True
Is 52015211 composite?
False
Is 2637398471 composite?
True
Is 10934241281 a composite number?
False
Is 68771214047 prime?
True
Is 193887376797 a prime number?
False
Is 274866233 a composite number?
True
Is 16714612091 composite?
False
Is 1071803261 a composite number?
False
Is 23477932451 prime?
False
Is 71449594747 composite?
True
Is 27054097471 composite?
True
Is 825105803 a prime number?
True
Is 1334956997 a prime number?
False
Is 397147379 a composite number?
False
Is 10156341751 a composite number?
True
Is 729090143 a composite number?
True
Is 506464451 a composite number?
True
Is 134500553 prime?
False
Is 59452048231 a prime number?
True
Is 12200027083 a prime number?
True
Is 9883696397 a composite number?
True
Is 9647785003 composite?
False
Is 7989572617 a prime number?
False
Is 24259047809 composite?
False
Is 10838240761 prime?
True
Is 176360001011 composite?
False
Is 295843007497 a prime number?
True
Is 145215924185 composite?
True
Is 666455851 composite?
False
Is 755015159 composite?
False
Is 37315916851 composite?
True
Is 26037257489 a composite number?
False
Is 198498373 composite?
False
Is 957808177 a composite number?
False
Is 165751969 prime?
True
Is 2111272991 a composite number?
True
Is 54758334317 composite?
False
Is 1639124759 a prime number?
False
Is 35487068093 a prime number?
True
Is 2796710617 prime?
False
Is 9100804511 a prime number?
False
Is 77661941953 prime?
False
Is 1720563821 prime?
True
Is 64792801443 a composite number?
True
Is 3494350297 composite?
False
Is 4004495743 a prime number?
True
Is 23097668273 a composite number?
True
Is 4211046397 composite?
False
Is 5589538502 a composite number?
True
Is 1422667699 composite?
False
Is 10737901963 a composite number?
False
Is 6402853709 prime?
False
Is 5028416794 a prime number?
False
Is 772721371 a prime number?
False
Is 3782277074 composite?
True
Is 14202064223 prime?
True
Is 959597461 composite?
False
Is 12739173893 composite?
False
Is 33214749539 a prime number?
False
Is 18057591217 prime?
True
Is 1926226451 a composite number?
True
Is 25468235827 a composite number?
False
Is 324272233 a prime number?
True
Is 75086220059 a composite number?
False
Is 753208717 a composite number?
False
Is 1792991881 prime?
True
Is 13615982747 composite?
False
Is 2608785895 prime?
False
Is 36219548987 a prime number?
True
Is 67011331949 a composite number?
True
Is 53433335 a composite number?
True
Is 6356938271 composite?
False
Is 1291665751 prime?
False
Is 13332200779 composite?
False
Is 409158257 prime?
True
Is 9975571901 composite?
False
Is 22975300091 composite?
True
Is 3550257133 a prime number?
False
Is 10724723969 a prime number?
False
Is 15135120869 prime?
False
Is 109988998091 composite?
True
Is 29152936671 composite?
True
Is 1128990569 a prime number?
False
Is 42036184331 a prime number?
True
Is 387138449 prime?
True
Is 6713304187 prime?
False
Is 6868887869 a composite number?
True
Is 8538146959 composite?
False
Is 9455243113 composite?
True
Is 18876461509 prime?
True
Is 1075550533 a prime number?
True
Is 6778765949 prime?
True
Is 13065059639 composite?
False
Is 90386993 prime?
True
Is 5376187837 composite?
False
Is 1140186349 prime?
False
Is 3134464589 prime?
False
Is 11566008059 a composite number?
True
Is 14743686617 prime?
False
Is 2962561351 a composite number?
False
Is 2011130273 prime?
False
Is 3040646527 a prime number?
True
Is 1305129521 prime?
True
Is 26120434277 a prime number?
False
Is 3091160671 a composite number?
True
Is 30319325513 a composite number?
False
Is 26909619951 a prime number?
False
Is 11048473559 a composite number?
False
Is 68390268106 a composite number?
True
Is 9518074751 a composite number?
True
Is 20825828449 composite?
False
Is 137655076231 a prime number?
False
Is 3615532331 prime?
False
Is 5725236079 composite?
False
Is 4825466207 composite?
False
Is 12656984639 composite?
True
Is 508208578 prime?
False
Is 16806987182 a prime number?
False
Is 60460087445 a prime number?
False
Is 8140141 a prime number?
False
Is 4519465711 prime?
False
Is 15010991383 a composite number?
False
Is 9669288487 prime?
True
Is 1438108573 prime?
False
Is 176560639 a prime number?
True
Is 2522957513 prime?
True
Is 1001866301 a prime number?
True
Is 89514797 composite?
True
Is 179470841 a prime number?
False
Is 384138383 prime?
False
Is 7572616889 composite?
False
Is 620043581 composite?
True
Is 269155606313 prime?
False
Is 12030584573 prime?
False
Is 6194345909 a composite number?
True
Is 10472918111 a composite number?
False
Is 17150432951 a composite number?
True
Is 6277084571 a composite number?
False
Is 423085042 a composite number?
True
Is 7436103799 prime?
True
Is 4606852883 a prime number?
True
Is 4440092717 a prime number?
False
Is 6029169161 prime?
True
Is 2421410395 composite?
True
Is 82682479409 composite?
False
Is 1557033361 prime?
False
Is 59372779 a composite number?
True
Is 1094750093 a composite number?
False
Is 448654161 composite?
True
Is 2506178281 a composite number?
False
Is 4762969319 a prime number?
True
Is 1843453165 prime?
False
Is 67935501367 composite?
True
Is 308375813 a composite number?
True
Is 318520039 composite?
True
Is 327780169 composite?
True
Is 1183991651 a prime number?
True
Is 939584573 a composite number?
False
Is 787942681 a prime number?
False
Is 216776893 a composite number?
True
Is 620962897 a prime number?
False
Is 76441489 a composite number?
True
Is 1705409878 a composite number?
True
Is 502148813 prime?
True
Is 25378511579 composite?
False
Is 36436177 a composite number?
False
Is 132148717733 a composite number?
False
Is 628205063 prime?
False
Is 1547369851 a prime number?
False
Is 9257621 prime?
False
Is 1297722749 a composite number?
True
Is 53285697527 prime?
False
Is 73158515635